{"id":3980,"date":"2015-11-05T12:39:31","date_gmt":"2015-11-05T11:39:31","guid":{"rendered":"http:\/\/www.industriaslaneko.com\/english\/hot-stamped-screws-bolts-track-screws-and-special-equipment-for-road-transport\/"},"modified":"2025-05-22T12:49:10","modified_gmt":"2025-05-22T10:49:10","slug":"hot-stamped-screws-bolts-track-screws-and-special-equipment-for-road-transport","status":"publish","type":"page","link":"https:\/\/www.industriaslaneko.com\/english\/","title":{"rendered":"Hot stamped screws, bolts, track screws and special equipment for road transport"},"content":{"rendered":"<div class=\"wpb-content-wrapper\"><p>[vc_row full_width=&#8221;stretch_row_content_no_spaces&#8221; video_autoplay=&#8221;true&#8221; video_controls=&#8221;true&#8221; video_mute=&#8221;true&#8221; css=&#8221;.vc_custom_1446920005212{margin-top: -80px !important;margin-bottom: 0px !important;}&#8221; el_id=&#8221;first&#8221;][vc_column]\n    <div id=\"veented-slider-7265\" class=\"veented-slider-holder veented-slider-fullscreen\" data-slider-autoplay=\"7000\" data-slider-effect=\"slide\">\n\n\t\t<div class=\"veented-slider-loader\">\n\t\t\t<div class=\"spinner\">\n\t\t\t  <div class=\"dot1\"><\/div>\n\t\t\t  <div class=\"dot2\"><\/div>\n\t\t\t<\/div>\n\t\t<\/div>\n\n\t\t<div class=\"veented-slider swiper-containers\">\n\n\t\t\t<div class=\"veented-slider-inner swiper-wrapper\">\n\n\t\t\t\t\n\t\t\t\t<div class=\"swiper-slide veented-slide swiper-lazy veented-slide-1 veented-slide-align-left veented-slide-color-white veented-slide-heading-transform- veented-slide-heading-weight- veented-slide-overlay-dark\" style=\"background-image:url(https:\/\/www.industriaslaneko.com\/english\/wp-content\/uploads\/2015\/11\/tornillos-para-energia-eolica.jpg);\" data-background=\"https:\/\/www.industriaslaneko.com\/english\/wp-content\/uploads\/2015\/11\/tornillos-para-energia-eolica.jpg\">\n\n\t\t\t\t\t<div class=\"inner\">\n\t\t\t\t\t\t<div class=\"veented-slide-inner\">\n\t\t\t\t\t\t\t\t\t\t\t\t\t\t<h2 class=\"veented-slide-heading animated animatedSlider\"> INDUSTRIAS LANEKO<\/h2>\n\t\t\t\t\t\t\t\t\t\t\t\t\t\t<p class=\"veented-slide-paragraph animated animatedSlider\">Industrias Laneko specializes in the manufacture of hot-forged fasteners, bolts, rail fasteners and special equipment for road transport.<\/p>\n\t\t\t\t\t\t\t<div class=\"veented-slide-buttons animated animatedSlider\"><a class=\"btn btn-white btn-style-stroke btn-hover-accent4 veented-slide-button1\" href=\"\/our-products\/\">OUR PRODUCTS<\/a><\/div>\t\t\t\t\t\t<\/div>\n\n\t\t\t\t\t<\/div>\n\n\t\t\t\t<\/div>\n\n\t\t\t\t\n\t\t\t\t<div class=\"swiper-slide veented-slide swiper-lazy veented-slide-2 veented-slide-align-center veented-slide-color-white veented-slide-heading-transform- veented-slide-heading-weight- veented-slide-overlay-dark\" style=\"background-image:url(https:\/\/www.industriaslaneko.com\/english\/wp-content\/uploads\/2015\/11\/Calidad-Industrias-Laneko.jpg);\" data-background=\"https:\/\/www.industriaslaneko.com\/english\/wp-content\/uploads\/2015\/11\/Calidad-Industrias-Laneko.jpg\">\n\n\t\t\t\t\t<div class=\"inner\">\n\t\t\t\t\t\t<div class=\"veented-slide-inner\">\n\t\t\t\t\t\t\t\t\t\t\t\t\t\t\t<h3 class=\"veented-slide-secondary-heading animated animatedSlider\">Continuous improvement and innovation of<\/h3>\n\t\t\t\t\t\t\t\t\t\t\t\t\t\t\t<h2 class=\"veented-slide-heading animated animatedSlider\"> Quality and monitoring<\/h2>\n\t\t\t\t\t\t\t\t\t\t\t\t\t\t<p class=\"veented-slide-paragraph animated animatedSlider\">We have an integrated management system for Quality, Environment and Health and Safety.<\/p>\n\t\t\t\t\t\t\t<div class=\"veented-slide-buttons animated animatedSlider\"><a class=\"btn btn-accent3 btn-hover-white veented-slide-button1\" href=\"\/quality\/\">QUALITY<\/a><\/div>\t\t\t\t\t\t<\/div>\n\n\t\t\t\t\t<\/div>\n\n\t\t\t\t<\/div>\n\n\t\t\t\t\n\t\t\t\t<div class=\"swiper-slide veented-slide swiper-lazy veented-slide-3 veented-slide-align-left veented-slide-color-white veented-slide-heading-transform- veented-slide-heading-weight- veented-slide-overlay-dark\" style=\"background-image:url(https:\/\/www.industriaslaneko.com\/english\/wp-content\/uploads\/2019\/06\/screws-for-cement.jpg);\" data-background=\"https:\/\/www.industriaslaneko.com\/english\/wp-content\/uploads\/2019\/06\/screws-for-cement.jpg\">\n\n\t\t\t\t\t<div class=\"inner\">\n\t\t\t\t\t\t<div class=\"veented-slide-inner\">\n\t\t\t\t\t\t\t\t\t\t\t\t\t\t\t<h3 class=\"veented-slide-secondary-heading animated animatedSlider\">More than half a century <\/h3>\n\t\t\t\t\t\t\t\t\t\t\t\t\t\t\t<h2 class=\"veented-slide-heading animated animatedSlider\"> improving special fasteners for construction<\/h2>\n\t\t\t\t\t\t\t\t\t\t\t\t\t\t<p class=\"veented-slide-paragraph animated animatedSlider\">We are a world leader in the design and manufacture of special fasteners for construction<\/p>\n\t\t\t\t\t\t\t<div class=\"veented-slide-buttons animated animatedSlider\"><a class=\"btn btn-white btn-style-stroke btn-hover-accent4 veented-slide-button1\" href=\"http:\/\/www.industriaslaneko.com\/english\/our-products\/fasteners\/fasteners-for-cement\/\">SCREWS FOR CEMENT<\/a><\/div>\t\t\t\t\t\t<\/div>\n\n\t\t\t\t\t<\/div>\n\n\t\t\t\t<\/div>\n\n\t\t\t\t\n\t\t\t\t<div class=\"swiper-slide veented-slide swiper-lazy veented-slide-4 veented-slide-align-left veented-slide-color-white veented-slide-heading-transform- veented-slide-heading-weight- veented-slide-overlay-dark\" style=\"background-image:url(https:\/\/www.industriaslaneko.com\/english\/wp-content\/uploads\/2019\/06\/Tornillos-via-tren.jpg);\" data-background=\"https:\/\/www.industriaslaneko.com\/english\/wp-content\/uploads\/2019\/06\/Tornillos-via-tren.jpg\">\n\n\t\t\t\t\t<div class=\"inner\">\n\t\t\t\t\t\t<div class=\"veented-slide-inner\">\n\t\t\t\t\t\t\t\t\t\t\t\t\t\t\t<h3 class=\"veented-slide-secondary-heading animated animatedSlider\">INDUSTRIAS LANEKO<\/h3>\n\t\t\t\t\t\t\t\t\t\t\t\t\t\t\t<h2 class=\"veented-slide-heading animated animatedSlider\"> We are leaders in the manufacture of rail fasteners<\/h2>\n\t\t\t\t\t\t\t\t\t\t\t\t\t\t<p class=\"veented-slide-paragraph animated animatedSlider\">Our fasteners are used in the construction and maintenance of major high-speed lines, etc.<\/p>\n\t\t\t\t\t\t\t<div class=\"veented-slide-buttons animated animatedSlider\"><a class=\"btn btn-white btn-style-stroke btn-hover-accent4 veented-slide-button1\" href=\"http:\/\/www.industriaslaneko.com\/english\/our-products\/fasteners\/fasteners-for-rail-tracks\/\"> RAIL SCREWS<\/a><\/div>\t\t\t\t\t\t<\/div>\n\n\t\t\t\t\t<\/div>\n\n\t\t\t\t<\/div>\n\n\t\t\t\t<style type=\"text\/css\">#veented-slider-7265 .inner { padding-top: px; }<\/style>\n\t\t\t<\/div>\n\n\t\t\t<!-- Slider Pagination -->\n\n\t\t\t<div class=\"veented-slider-pagination swiper-pagination\"><\/div>\n\n\t\t\t<!-- Slider Arrows -->\n\n\t\t\t<div class=\"swiper-button-next\"><i class=\"fa fa-angle-right\"><\/i><\/div>\n\t\t\t<div class=\"swiper-button-prev\"><i class=\"fa fa-angle-left\"><\/i><\/div>\n\n\t\t\t\n\t\t<\/div>\n\n\t<\/div>\n\n\t[\/vc_column][\/vc_row][vc_row bg_predefined_color=&#8221;accent4&#8243; video_autoplay=&#8221;true&#8221; video_controls=&#8221;true&#8221; video_mute=&#8221;true&#8221; css=&#8221;.vc_custom_1448797867942{padding-top: 35px !important;padding-bottom: 5px !important;}&#8221; el_id=&#8221;second&#8221;][vc_column width=&#8221;1\/6&#8243;][\/vc_column][vc_column width=&#8221;2\/3&#8243; css=&#8221;.vc_custom_1747910949244{margin-bottom: 30px !important;}&#8221;][vc_column_text font_size=&#8221;p18px&#8221;]<\/p>\n<p style=\"text-align: center; font-family: ubuntu, Helvetica, Arial;\">Quality, Reliability, Quick Response, Customer Satisfaction; these are the values and goals which, armed with Teamwork, Sacrifice and, above all, a great Corporate Spirit, we have transmitted to all the customers that have relied on Industrias Laneko S.A.L. since it was founded.<\/p>\n<p>[\/vc_column_text]<a href=\"http:\/\/www.industriaslaneko.com\/english\/about-us\/\" class=\"btn btn-style-circle btn-accent2 btn-center accent-hover-bg btn-icon\" target=\"_self\"><i class=\"fa fa-info-circle\"><\/i>MORE ABOUT LANEKO<\/a>[\/vc_column][vc_column width=&#8221;1\/6&#8243;][\/vc_column][\/vc_row][vc_row disable_element=&#8221;yes&#8221; bg_predefined_color=&#8221;accent4&#8243; video_autoplay=&#8221;true&#8221; video_controls=&#8221;true&#8221; video_mute=&#8221;true&#8221; css=&#8221;.vc_custom_1747910094869{padding-top: 35px !important;padding-bottom: 5px !important;}&#8221;][vc_column][vc_row_inner][vc_column_inner width=&#8221;1\/2&#8243; css=&#8221;.vc_custom_1557216484285{margin-right: 20px !important;margin-left: 20px !important;padding-right: 20px !important;padding-left: 20px !important;}&#8221;][vc_single_image image=&#8221;3595&#8243; alignment=&#8221;center&#8221; onclick=&#8221;custom_link&#8221; link=&#8221;http:\/\/www.industriaslaneko.com\/english\/our-products\/fasteners\/&#8221;][vc_column_text]<\/p>\n<h2 style=\"text-align: center;\"><a href=\"http:\/\/www.industriaslaneko.com\/english\/our-products\/fasteners\/\">Fasteners<\/a><\/h2>\n<p>[\/vc_column_text][\/vc_column_inner][vc_column_inner width=&#8221;1\/2&#8243; css=&#8221;.vc_custom_1557216491253{margin-right: 20px !important;margin-left: 20px !important;padding-right: 20px !important;padding-left: 20px !important;}&#8221;][vc_single_image image=&#8221;3598&#8243; alignment=&#8221;center&#8221; onclick=&#8221;custom_link&#8221; link=&#8221;http:\/\/www.industriaslaneko.com\/english\/our-products\/special-projects\/&#8221;][vc_column_text]<\/p>\n<h2 style=\"text-align: center;\"><a href=\"http:\/\/www.industriaslaneko.com\/english\/our-products\/special-projects\/\">Special Projects<\/a><\/h2>\n<p>[\/vc_column_text][\/vc_column_inner][\/vc_row_inner][\/vc_column][\/vc_row][vc_row content_placement=&#8221;bottom&#8221; parallax=&#8221;content-moving&#8221; parallax_image=&#8221;3863&#8243; parallax_speed_bg=&#8221;1&#8243; color_scheme=&#8221;white&#8221; bg_overlay=&#8221;dark&#8221; css=&#8221;.vc_custom_1562240963989{padding-top: 70px !important;}&#8221;][vc_column][vc_column_text]<\/p>\n<h1 style=\"text-align: center;\"><strong>LANEKO QUALITY<\/strong><\/h1>\n<p style=\"text-align: center; font-family: ubuntu, Helvetica, Arial; font-style: italic; font-size: 30px; font-weight: 300;\">&#8220;Our production process is carried out under a commitment in quality, environment and safety that are present in all phases.&#8221;<\/p>\n<p>[\/vc_column_text]<div class=\"video-lightbox\"><div class=\"video-lightbox-inner\"><a href=\"https:\/\/www.youtube.com\/watch?v=hECD0TKbPag\" class=\"video-link mp-video\"><i class=\"fa fa-play\"><\/i><\/a><h1 class=\"video-lightbox-title\">video<\/h1><\/div><\/div>[\/vc_column][\/vc_row][vc_row content_placement=&#8221;middle&#8221; css=&#8221;.vc_custom_1568906244038{padding-top: 40px !important;}&#8221;][vc_column][vc_column_text css=&#8221;&#8221;]<img decoding=\"async\" class=\"size-full aligncenter\" src=\"https:\/\/www.industriaslaneko.com\/wp-content\/uploads\/2024\/07\/Logo-FEDER-GN.webp\" alt=\"REACT-EU\" \/>[\/vc_column_text][vc_column_text css=&#8221;&#8221;]<\/p>\n<p style=\"text-align: center;\"><em>This company has received a grant co-financed at 40% by the European Regional Development Fund through the ERDF Operational Programme 2021-2027 of Navarra.<\/em><\/p>\n<p style=\"text-align: center;\">This company has received a grant from the Government of Navarra under the call for proposals \u2018Fomento de la Empresa Digital Navarra 2024\u2019.<\/p>\n<p style=\"text-align: center;\">This company has received a grant from the Government of Navarra under the 2023 call for proposals \u2018Fomento de la Empresa Digital de Navarra\u2019.<\/p>\n<p>[\/vc_column_text][\/vc_column][\/vc_row][vc_row content_placement=&#8221;middle&#8221; bg_predefined_color=&#8221;accent4&#8243; css=&#8221;.vc_custom_1747910893401{padding-top: 40px !important;}&#8221;][vc_column][vc_column_text css=&#8221;&#8221;]<img decoding=\"async\" class=\"size-full aligncenter\" src=\"https:\/\/www.industriaslaneko.com\/wp-content\/uploads\/2023\/09\/EU.png\" alt=\"EU\" \/>[\/vc_column_text][vc_column_text css=&#8221;&#8221;]<\/p>\n<p style=\"text-align: center;\"><em>\u2018This company\/entity has received a 100% co-financed aid with REACT EU resources, through the ERDF Operational Programme 2014-2020 of Navarra, from the Specific Objective \u2019EO REACT EU 4. Support for investments contributing to the transition to a green economy\u2018 as part of the Union&#8217;s response to the COVID-19 pandemic.\u2019<\/em><\/p>\n<p style=\"text-align: center;\">\u2018This company has received a grant from the Government of Navarre under the 2023 call for aid to improve competitiveness\u2019.<\/p>\n<p>[\/vc_column_text][\/vc_column][\/vc_row][vc_row content_placement=&#8221;middle&#8221; bg_predefined_color=&#8221;accent4&#8243; css=&#8221;.vc_custom_1747910747263{margin-bottom: 0px !important;padding-top: 40px !important;background-color: #FFFFFF !important;}&#8221;][vc_column width=&#8221;1\/4&#8243;][vc_column_text css=&#8221;&#8221;]<img decoding=\"async\" src=\"https:\/\/www.industriaslaneko.com\/wp-content\/uploads\/2025\/05\/Moves_III_Cartel-GN.jpg\" alt=\"Moves_III\" \/>[\/vc_column_text][\/vc_column][vc_column width=&#8221;3\/4&#8243;][vc_column_text css=&#8221;&#8221;]<\/p>\n<p style=\"text-align: left;\"><em>This company has received aid from the \u2018Programa de incentivos ligados a la movilidad el\u00e9ctrica (Programa MOVES III) 2021\u2019 in Navarra, corresponding to Incentive Programme 2: Implantaci\u00f3n de infraestructura de recarga de veh\u00edculos el\u00e9ctricos BDNS 597306 Subject to aid scheme Regulation (EU) 651\/2014. Incentive Programme 2. SA 62820.<\/em><\/p>\n<p>[\/vc_column_text][\/vc_column][\/vc_row][vc_row disable_element=&#8221;yes&#8221;][vc_column width=&#8221;1\/6&#8243;][\/vc_column][vc_column width=&#8221;2\/3&#8243;][vc_single_image image=&#8221;3921&#8243; alignment=&#8221;center&#8221;][vc_column_text]<\/p>\n<p style=\"text-align: center;\">This company has received a grant from the Government of Navarra under the 2019 and 2020 call for aid to improve competitiveness<\/p>\n<p>[\/vc_column_text][\/vc_column][vc_column width=&#8221;1\/6&#8243;][\/vc_column][\/vc_row][vc_row content_placement=&#8221;middle&#8221; disable_element=&#8221;yes&#8221; bg_predefined_color=&#8221;accent4&#8243; css=&#8221;.vc_custom_1747910547909{margin-bottom: 0px !important;padding-top: 40px !important;}&#8221;][vc_column width=&#8221;1\/6&#8243;][\/vc_column][vc_column width=&#8221;2\/3&#8243;][vc_single_image image=&#8221;4571&#8243; alignment=&#8221;center&#8221;][vc_column_text]<\/p>\n<p style=\"text-align: center;\">This company\/entity has received 100% co-financed aid with resources REACT UE, through the FEDER 2014-2020 Operational Program of Navarra, of the Specific Objective &#8220;OE REACT UE 4. Support for investments that contribute to the transition to a green economy\u201d as part of the Union&#8217;s response to the COVID-19 pandemic.<\/p>\n<p>[\/vc_column_text][\/vc_column][vc_column width=&#8221;1\/6&#8243;][\/vc_column][\/vc_row]<\/p>\n<\/div>","protected":false},"excerpt":{"rendered":"<p>[vc_row full_width=&#8221;stretch_row_content_no_spaces&#8221; video_autoplay=&#8221;true&#8221; video_controls=&#8221;true&#8221; video_mute=&#8221;true&#8221; css=&#8221;.vc_custom_1446920005212{margin-top: -80px !important;margin-bottom: 0px !important;}&#8221; el_id=&#8221;first&#8221;][vc_column][\/vc_column][\/vc_row][vc_row bg_predefined_color=&#8221;accent4&#8243; video_autoplay=&#8221;true&#8221; video_controls=&#8221;true&#8221; video_mute=&#8221;true&#8221; css=&#8221;.vc_custom_1448797867942{padding-top: 35px !important;padding-bottom: 5px !important;}&#8221; el_id=&#8221;second&#8221;][vc_column width=&#8221;1\/6&#8243;][\/vc_column][vc_column width=&#8221;2\/3&#8243; css=&#8221;.vc_custom_1747910949244{margin-bottom: 30px !important;}&#8221;][vc_column_text font_size=&#8221;p18px&#8221;] Quality, Reliability, Quick Response, Customer Satisfaction; these are the values and goals which, armed with Teamwork, Sacrifice and, above all, a great Corporate [&hellip;]<\/p>\n","protected":false},"author":1,"featured_media":0,"parent":0,"menu_order":0,"comment_status":"closed","ping_status":"closed","template":"","meta":{"footnotes":""},"class_list":["post-3980","page","type-page","status-publish","hentry"],"_links":{"self":[{"href":"https:\/\/www.industriaslaneko.com\/english\/wp-json\/wp\/v2\/pages\/3980","targetHints":{"allow":["GET"]}}],"collection":[{"href":"https:\/\/www.industriaslaneko.com\/english\/wp-json\/wp\/v2\/pages"}],"about":[{"href":"https:\/\/www.industriaslaneko.com\/english\/wp-json\/wp\/v2\/types\/page"}],"author":[{"embeddable":true,"href":"https:\/\/www.industriaslaneko.com\/english\/wp-json\/wp\/v2\/users\/1"}],"replies":[{"embeddable":true,"href":"https:\/\/www.industriaslaneko.com\/english\/wp-json\/wp\/v2\/comments?post=3980"}],"version-history":[{"count":23,"href":"https:\/\/www.industriaslaneko.com\/english\/wp-json\/wp\/v2\/pages\/3980\/revisions"}],"predecessor-version":[{"id":4587,"href":"https:\/\/www.industriaslaneko.com\/english\/wp-json\/wp\/v2\/pages\/3980\/revisions\/4587"}],"wp:attachment":[{"href":"https:\/\/www.industriaslaneko.com\/english\/wp-json\/wp\/v2\/media?parent=3980"}],"curies":[{"name":"wp","href":"https:\/\/api.w.org\/{rel}","templated":true}]}}